of -4 + (-2 + (1 - 0) - 1)?
-6
What is -6 + -3 + 21 + (-25 - -12)?
-1
1 + (-3 - (-3 + -2)) + -6
-3
What is the value of -1 + (-3 - -9) - 4?
1
What is 2 - 2 - (-20 + 24)?
-4
What is the value of 2 + -1 + 1 - (-2 - 0)?
4
What is the value of 0 + 2 + (-2 - 2) + 4?
2
(-2 + -2 - -5) + -2
-1
What is the value of 6 + -2 - (5 + -7) - 5?
1
What is the value of -5 + -5 + 4 - -3?
-3
What is 7 + (-6 - ((1 - 0) + -3))?
3
-2 - (5 + -2) - (18 - 23)
0
Evaluate 1 + (3 - -4) - 2.
6
What is the value of -2 + (0 - 1) + 1?
-2
What is the value of -7 - (14 - 10 - 18)?
7
Calculate 6 - (18 - 1 - (-3 + 9)).
-5
What is the value of 0 + 5 + (-8 - -9)?
6
What is 3 + (10 - 5) + -3?
5
1 + 0 + -4 + -3 + 5
-1
Calculate -15 - (0 - (10 - 1)).
-6
4 - (5 + -3 + 5 - 6)
3
What is the value of (1 - 0) + -1 + -15 + 14?
-1
5 + (-2 + -2 - (-3 + 1))
3
What is the value of 4 + (7 - 13) - -8?
6
(9 - 2) + -15 - -1
-7
Calculate -8 + 3 + (-3 - -7).
-1
What is the value of (-55 - -66) + -7 + 1?
5
-1 + -1 - -6 - 5
-1
Calculate -3 + 2 + -3 + 6.
2
Calculate -2 + (6 - (-6 + 5) - 2).
3
What is -3 - ((-1 - (-3 + 5)) + 2)?
-2
4 + 0 + (4 - 7) + 2
3
What is 0 - (0 - 0) - (33 + -29)?
-4
-4 - (3 - 2) - -5
0
Calculate 2 - (2 - (1 - -1)).
2
Evaluate 5 - (0 + 9 + -1).
-3
Evaluate (15 - 22) + 27 + -14.
6
Calculate -4 + (12 - 7) - 3.
-2
Evaluate -14 + (-12 + 1 - -35).
10
Evaluate (11 - 6) + (-9 - -2).
-2
Calculate (0 - 6) + -8 + 12 + 0.
-2
What is the value of -14 - ((-14 - -12) + -9)?
-3
(-2 - -4) + 2 + -3 + -3
-2
25 + 18 + -31 + 0 + -8
4
Evaluate 0 + (-2 - (-1 - -5) - -4).
-2
Calculate 14 + -1 - (-2 - -15).
0
Evaluate 6 + (0 - (8 + -3)).
1
Calculate -2 + -4 + 12 + -1.
5
What is the value of (-2 + (1 - 4) - -8) + -7?
-4
What is 8 + -2 + 5 - (4 + 2)?
5
What is the value of -4 + (18 + -7 - 7)?
0
Calculate 2 - -2 - -14 - 10.
8
What is 3 - ((-3 + 2 - -3) + -1)?
2
What is the value of -1 + (1 - (14 - -2)) - -7?
-9
What is -9 - (-9 - -8) - -7?
-1
What is the value of -9 - (0 + -1) - (1 - 5)?
-4
Calculate 4 + (7 - 9) + -9.
-7
0 - (0 + 2 - 1 - -2)
-3
Evaluate 5 - (5 + 5 + -9).
4
What is the value of -3 - (-5 - (4 - (4 + 1)))?
1
(7 + (-18 - 4) - -5) + 6
-4
0 - 0 - (-3 - -4)
-1
Evaluate 9 + 11 + -15 - (0 - 3).
8
What is the value of (-3 - -1) + 17 + -12 + -1?
2
Calculate -1 + 1 - (0 - (-3 - 1)).
-4
What is 10 + -19 - -3 - (-7 - -1)?
0
(5 + 3 - 3) + -9 + 7
3
Calculate -10 + -5 - (-7 - (-2 - -2)).
-8
What is 14 + -1 + (-29 - -20)?
4
-5 + 21 - 7 - 5
4
Evaluate 3 + (3 - 5) + -3.
-2
Evaluate 0 + 3 + -2 + 1.
2
What is (32 - 13) + (-10 - 1)?
8
What is the value of 4 + 0 + -3 + 3?
4
Calculate 1 + 6 + (2 - -6) + -11.
4
Calculate (7 - -3) + 6 + -16.
0
-15 - (-14 - (-12 - -7))
-6
What is (0 + -2 - 8) + 5?
-5
-13 - (-2 + (-8 - -3))
-6
What is -8 + 1 + (25 - 22)?
-4
What is the value of 18 + -26 - (1 - 6)?
-3
-10 + 0 + 0 + 0 + 5
-5
(-2 - -4) + (6 - 7) + -3
-2
Evaluate 0 + (-3 + 3 - 3 - 2).
-5
What is the value of -7 - -4 - (-5 + (-2 - -3))?
1
What is -6 - (-6 + -8) - 1?
7
Evaluate 4 - (12 + (-7 - -5)).
-6
Evaluate -10 + (7 - 0) + 11.
8
What is the value of 6 + 4 + 2 - 9?
3
1 - 3 - 1 - 0
-3
Evaluate 1 + 5 + (-3 - 5).
-2
What is the value of (4 - (-6 - -7) - 2) + 1?
2
Evaluate 1 - (-1 - 2) - -2.
6
Calculate -1 - (-4 + -2 + 6 + -3).
2
(17 - 10 - 6) + 1 + -2
0
Evaluate 126 + -119 - (11 - 1).
-3
Calculate (1 - 1) + -3 - -2 - -1.
0
Evaluate (7 + -3 - -1) + -6.
-1
What is -2 - (-2 + -5 + (31 - 15))?
-11
Calculate (0 - -6) + (-20 - -7) + 16.
9
1 + -1 - (3 + 2) - 0
-5
Calculate 9 - 1 - (79 + -78).
7
What is -1 + (-3 - -4) - (1 + -1)?
0
Evaluate 45 + -50 + 0 + 10.
5
What is the value of -30 + 26 + (0 - 0) - -6?
2
(-6 - -10) + (-4 - -2) + 5
7
Calculate 4 + 1 - (1 - (-12 - -3)).
-5
Evaluate -4 + 4 + 3 + (0 - 3).
0
Calculate -6 + -9 + (34 - 12).
7
-5 + 0 + -6 + 11 - -1
1
Calculate (0 + 0 - -2) + (-7 - -4).
-1
Evaluate 3 - (5 - (-7 + 6)).
-3
8 - (-1 + (1 - -9))
-1
Evaluate 4 + (-1 - (-2 + 1)).
4
Calculate -7 - (0 + 2 + -8).
-1
Evaluate -2 + (-7 + 2 - (2 - 1)).
-8
What is -3 + 7 + -2 + -1?
1
5 + (-8 - -3) + -1
-1
What is -2 - 2 - (1 + 2 + -2)?
-5
Evaluate 11 + 10 + (-18 - -3).
6
Evaluate 2 + -1 + (40 - 45).
-4
Evaluate (-5 - -3) + 5 + -2.
1
Evaluate (5 + -10 - 0) + 3 + 0.
-2
(3 - (9 + -1)) + 2 - 1
-4
What is the value of (-1 - -4) + -2 + 6 + -11?
-4
What is the value of 15 - (16 - 7) - 11?
-5
1 + (6 - 6) - -4
5
Calculate -3 - ((1 - 1) + 1).
-4
Evaluate 6 - 9 - 6 - -3.
-6
What is the value of (72 - 79) + (8 - -2)?
3
Evaluate 0 - (4 - 3 - 3 - -3).
-1
Evaluate -14 + 14 + -1 + -5.
-6
What is the value of -6 + -2 + 18 + -4?
6
What is the value of 2 - 9 - (-8 + 0)?
1
What is (-12 + 5 - -1) + 2 + 0?
-4
What is the value of 1 + 3 + (-1 - -1) - -3?
7
What is -7 + 3 + (-8 - -14) + 0?
2
25 - (12 + -2) - 10
5
Calculate -2 + 5 + 0 + (5 - 10).
-2
What is -3 + -7 - -11 - 4?
-3
What is the value of 2 - (1 - -11) - (-19 - -20)?
-11
Evaluate 1 + -2 - (6 + 0).
-7
-4 + (-3 + 8 - 4)
-3
What is the value of (-6 - -2) + (7 - 3) + 0?
0
What is 4 - 1 - (1 + -2 + 6)?
-2
What is -13 + 6 - (-16 + 3)?
6
Calculate 1 - (-6 + 11) - -4.
0
Calculate 2 + 0 + 2 + (4 - 0).
8
What is the value of 2 - (-2 + -3 + 8 + 7)?
-8
What is the value of -3 + 1 + (-4 - -8)?
2
What is the value of (35 - 34) + -8 + 1?
-6
What is -1 - 0 - (6 - (-1 + 8))?
0
Calculate -2 + 4 + 0 + -4.
-2
Calculate (3 - 3) + -10 - -2 - -15.
7
What is -3 + -2 + 18 + -19?
-6
Calculate 145 + -153 - (1 + -5).
-4
What is 14 - 3 - (35 + -34)?
10
What is the value of 1 + -5 - (0 + -6)?
2
Evaluate 0 + 12 + -6 - 14 - 3.
-11
What is the value of 4 + -12 + (0 - -7)?
-1
What is the value of (-14 - (-5 - -2)) + 7?
-4
What is -14 - -6 - (-2 - 4)?
-2
What is (-4 - -14) + -1 - (2 + 3)?
4
Evaluate (-6 - 0) + (1 - (-9 - -5)).
-1
(0 - (-4 - -1 - -6)) + 0
-3
Evaluate -80 - -81 - (-2 + 7 + 2).
-6
Evaluate (10 - 23) + 19 - 13.
-7
Calculate 5 + (1 - 3) + 0.
3
Calculate 15 - 6 - (1 + (-4 - -3)).
9
Evaluate 13 - 12 - -12 - (1 - -7).
5
What is (-22 - (-2 + -5) - -1) + 6?
-8
1 + (-6 - (-5 + 3))
-3
(-8 + 11 - (-1 + -5)) + -4
5
What is the value of -7 + 12 + (-3 - 4) - -4?
2
What is (-12 - (1 - 4) - -4) + 2?
-3
-1 - (-10 - (5 + -12))
2
Calculate 5 + -2 + 1 - 2.
2
Evaluate -5 - (-3 + (-5 - -7) + -2).
-2
What is (-6 - (-14 - -6)) + (-1 - 7)?
-6
What is the value of -10 + -2 - (37 - 45)?
-4
What is the value of 7 - (-2 - -9) - (2 - -1)?
-3
(2 - 3) + 5 + (-3 - -2)
3
(-4 + 1 - -1) + (27 - 22)
3
Evaluate 3 + (5 - 4) + -2.
2
-2 - (2 - 3) - -5
4
Calculate -2 + -8 + (8 - 3).
-5
Calculate 1 + (-12 + 2 - -5) + 1.
-3
(0 - -7) + 27 + -8 + -21
5
Calculate -6 + 6 - 2 - -7.
5
(-8 - -1) + (-4 - 16 - -25)
-2
Evaluate -1 + -2 - ((-4 - -2) + -3).
2
1 - -4 - 13 - -4
-4
5 + -1 + 1 + 3 + -18
-10
Calculate -3 + 1 + -1 + 3.
0
Evaluate -1 - -10 - (0 - -6).
3
Evaluate -1 + -1 + (24 - 55 - -23).
-10
What is -5 + (8 - 6) - 1?
-4
Calculate (-1 - 0) + (-2 - (4 - 1)).
-6
What is the value of 9 - (4 + -4 + (1 - -3))?
5
What is -3 + -4 + 4 + 3?
0
What is -4 - 0 - (-1 - 7)?
4
Calculate 20 - 26 - (-4 - 3).
1
What is -2 + 6 + (-1 - 0)?
3
What is -6 - (-5 + 11 - 7 - 6)?
1
6 + 0 - (86 - 84)
4
0 + -3 + (8 - 11 - 0)
-6
Evaluate -3 + (0 - (-1 + 2 + -4)).
0
What is the value of 4 - (2 + 2 - -3) - -1?
-2
(-7 - -1) + (117 - 118)
-7
Calculate -4 - (0 + 1 + (-22 - -16)).
1
Calculate 9 + -7 + -4 + 5 + 5.
8
What is -6 - (13 - 26 - -10)?
-3
Evaluate -2 + (4 - 2 - (2 - 1)).
-1
Calculate (-4 - -2) + (10 - 4).
4
What is the value of 1 + 0 - (-7 + (14 - 8))?
2
Calculate 3 + (2 - (1 + 0)).
4
What is -1 + (-3 + -2 - -4)?
-2
What is the value of -5 + -3 - -1 - (-12 - -1)?
4
8 + (1 - 18) - -8
-1
Evaluate (-88 - -89) + -4 + -1 + 0.
-4
What is the value of (2 - (-3 + 0)) + -2 + -4?
-1
What is the value of (1 - 1) + 1 + (3 - 9)?
-5
Calculate -2 + (-6 + 2 - -10).
4
6 + (-3 + -7 - 3)
-7
-1 + -7 - (-15 + 19) - -8
-4
-2 + 2 + -6 + 9
3
What is 2 + -3 + -6 + 3?
-4
Evaluate (1 - 9) + 11 + 5.
8
What is 14 + -8 + 1 + -6?
1
What is the value of -6 - (-3 + (-10 - -5))?
2
What is 0 - 3 - 4 - -4?
-3
Calculate 4 - 6 - (0 + 3).
-5
What is the value of 2 + 1 + -2 + (7 - 3)?
5
What is the value of -2 + (1 + (0 - -2) - 9)?
-8
Evaluate -3 + (-2 + 1 - 0).
-4
Calculate 1 + 8 + -2 - 8.
-1
What is 3 - (-4 + 6 + 0)?
1
What is -1 + 3 + (-3 + -1 - -4)?
2
What is (19 + -6 - (0 + 6)) + -7?
0
-3 - (1 - -6 - 2)
-8
4 + 6 + -6 - 